*3 + 2*k**2 - 5*k - 3. Let m = 63 - 34. Suppose -2*b + m = -3*g + 2*b, 2*g = 2*b - 16. What is the remainder when 7 is divided by f(g)?
1
Let w(y) = -y**3 + 7*y**2 - 6*y. What is the remainder when w(5) is divided by 11?
9
What is the remainder when ((-10)/6*2)/(24/(-324)) is divided by 23?
22
Suppose u - 5*t + 2 + 15 = 0, -5*t + 49 = 3*u. What is the remainder when 9 is divided by u?
1
Let k(q) = -q**2 + 7*q - 7. Let m be k(5). Suppose 9 = 3*a, 4*x - 19 = 2*x - m*a. Calculate the remainder when x is divided by 2.
1
Let b(f) = -f**2 + 17*f + 1. What is the remainder when b(14) is divided by 9?
7
Calculate the remainder when (-130)/(-8) - 1/4 is divided by ((-12)/14)/((-1)/7).
4
Let f(b) = 2*b. Let j be f(1). Suppose 22 + 0 = 2*r. Calculate the remainder when j/((-128)/(-62) - 2) is divided by r.
9
Let s(h) = -h**3 + 7*h**2 - 6*h - 2. Let z(f) = f**3 + 4*f**2 - 7*f + 7. Calculate the remainder when z(-4) is divided by s(5).
17
Suppose 2*f = -f + 36. What is the remainder when 23 is divided by f?
11
Suppose -3*m + 18 = 3*k, -2*k + 7*m = 2*m - 5. Suppose -15 = -y + k. Calculate the remainder when y is divided by 11.
9
Let f be ((-2)/4)/((-2)/16). Suppose -4*u + o + 4 = -39, -2*o = -f*u + 46. Let j(x) = 6*x**2 - 4*x - 3. Calculate the remainder when j(3) is divided by u.
9
Let b = 41 + 10. Suppose -5*h + 3*h + 18 = 0. Calculate the remainder when (1 + -2)*b/(-3) is divided by h.
8
Suppose 6*h + 3*h = 216. Calculate the remainder when 94 is divided by h.
22
Let w be ((-4)/5)/(6/(-60)). Calculate the remainder when 20 is divided by (-2)/w + 29/4.
6
Suppose 3*b + 0*o + 3*o + 3 = 0, -3*o = -b + 11. Suppose 0 = b*a + a - 42. What is the remainder when 12/(-8)*(-164)/6 is divided by a?
13
What is the remainder when 6/(-12) + 53/2 is divided by (6 + -7)*14*-1?
12
Let z(l) = 5*l**2 - 3*l + 8. Calculate the remainder when z(2) is divided by 13.
9
Let s = 57 - 12. Let o = 14 - 2. What is the remainder when s is divided by o?
9
Let c be (2 + -1)*(-1 - -1). Suppose c = -4*p + 3*s + 39, 3*p - 22 = 2*s + 8. What is the remainder when 47 is divided by p?
11
Suppose 3*x = 8 + 4. Calculate the remainder when 10 is divided by x.
2
Let j be ((-27)/(-4))/(3/8). Let n be (1/(-3))/((-2)/j). Suppose -z + 2 = -2*h - 7, 4*h = n*z - 27. What is the remainder when z is divided by 5?
4
Calculate the remainder when (-3)/((-18)/(-15))*-28 is divided by 37.
33
Suppose -4*g = -4*i - 0*i - 100, 5*g = -i + 149. Calculate the remainder when 115 is divided by g.
28
Let j(b) = 2*b**2 - 15*b + 28. What is the remainder when j(13) is divided by 22?
17
Let p be 3*-5*6/15. Let r be ((-3)/p)/((-1)/(-6)). Calculate the remainder when (0 - 1)/(r/(-123)) is divided by 14.
13
Suppose 3*p - 55 - 65 = 0. Suppose p = 4*g + 2*a, 2*a = -3 - 1. Calculate the remainder when 20 is divided by g.
9
Let s(h) = -h + 8. Let d(y) = -2*y + 6. Let i be d(0). Suppose -i*w + 2*w = -4. What is the remainder when s(6) is divided by w?
0
Suppose 4*b + b = -10, 4*b + 25 = g. Let v(f) be the first derivative of 2*f**3/3 - 11*f**2/2 - 13*f + 1. Calculate the remainder when v(9) is divided by g.
16
Let u(w) = w**3 + 19*w**2 - 2*w + 7. What is the remainder when u(-19) is divided by 12?
9
Suppose -5*g = 5*m - 220, -m + 0*m = -3*g - 48. Calculate the remainder when m is divided by 12.
9
Suppose 32 = 5*f - 2*l, f - l = -3 + 10. Suppose f*u = 5*u + 10. Suppose -j + 20 = 4*j. Calculate the remainder when u is divided by j.
2
What is the remainder when 36 is divided by (6/(-4))/((-15)/130)?
10
Let w(t) = t**3 - 7*t**2 + t + 4. Let q be (0 - 1)/(1/(-2)). Suppose -2*d - 5*j = -11, -d + q*d = -j + 4. What is the remainder when w(7) is divided by d?
2
Suppose 0 = 3*j - x - 38, -2*x - 8 - 2 = 0. Calculate the remainder when 31 is divided by j.
9
Let l be 1 + -1 - -1*3. Suppose -2*c + 0*c + 2*w = -36, w + 3 = 0. Suppose l*r + 4*x - 1 = 44, r + 3*x = c. What is the remainder when 29 is divided by r?
14
Suppose -2*g = -8, 3*g = -u + 2*g + 15. What is the remainder when (1/(-2))/(1/(-42)) is divided by u?
10
Suppose -7*y = -3*y - 84. Calculate the remainder when 61 is divided by y.
19
Let t(m) = m**3 + 3*m**2 - 1. Let n be t(-3). What is the remainder when 10/(-3)*n*3 is divided by 6?
4
Suppose 2*m = -m + 18. What is the remainder when 43 is divided by 63/m + (-2)/(-4)?
10
Let s(w) = w**2 + 3*w - 7. Let q = 29 - 16. Let i = q + 4. What is the remainder when s(5) is divided by i?
16
Let n(y) = -3*y - 16. Let i be (-580)/44 - 2/(-11). Calculate the remainder when n(i) is divided by 12.
11
Let i(w) = 14*w + 1. Let x be 4/14 + (-27)/21. Calculate the remainder when 59 - ((-2)/(-2) + x) is divided by i(1).
14
Suppose 4 = 4*x + 4*m, 3*x + 20 + 7 = 3*m. Let b(h) = h**3 + 5*h**2 - 10*h - 1. What is the remainder when b(x) is divided by 14?
13
Let b(x) = 3*x - 14. What is the remainder when b(6) is divided by 1?
0
Let p = 104 + -98. What is the remainder when 7 is divided by p?
1
Let n(w) = w**3 - 5*w**2 + 4*w. Let z be n(4). Suppose 8*g - 4*g - 24 = z. Suppose -s + g = -49. Calculate the remainder when s is divided by 28.
27
Let m(x) = 35*x**2. What is the remainder when 68 is divided by m(1)?
33
Suppose 4*x + 4*x - 328 = 0. Calculate the remainder when 161 is divided by x.
38
Calculate the remainder when (3*-9)/(6 + -7) is divided by 14.
13
Suppose -3*c + 5 = 2*c. Suppose k + 4*k - c = t, k - 21 = -5*t. What is the remainder when (-24)/((k + -2)/1) is divided by 13?
11
Suppose -2 - 6 = -4*l. Let m be 13*3*(-1)/(-3). Let h = m - l. What is the remainder when 21 is divided by h?
10
Let q = 47 + 89. Suppose w + w - q = 0. What is the remainder when w is divided by 23?
22
Let o be ((-12)/9)/((-6)/153). Suppose -o + 15 = -g. Let u = -29 - -40. Calculate the remainder when g is divided by u.
8
Suppose 0*a + 48 = -4*a. Let n = 0 + 6. What is the remainder when 27 is divided by (-82)/a - (-1)/n?
6
Let u(d) = -5*d - 6. Let b be u(-5). Let y = b + 5. What is the remainder when y is divided by 13?
11
Let p(m) = 3*m**2 + 8*m + 13. Let w(u) = -u**3 - 5*u**2 + 2*u - 7. Calculate the remainder when p(-5) is divided by w(-6).
14
Let h be 3/(-6)*0/(-2). Let m be (-12)/(-3*8/36). Suppose 0 = 3*w - 3*v - 12, h*w = 3*w - v - m. Calculate the remainder when 13 is divided by w.
6
Let g(n) = n**2 + 3*n - 7. Let j be g(-5). Let q(y) = 2*y**3 - 4*y**2 + 3*y - 2. Calculate the remainder when 97 is divided by q(j).
22
Suppose 12*b - 406 = 5*b. What is the remainder when b is divided by 12?
10
Suppose -96 = -0*b - 5*b + 3*q, 4*b = -2*q + 90. What is the remainder when b is divided by 2/11 + (-1408)/(-242)?
3
Let i(w) = -w**2 + 9*w + 2. Calculate the remainder when 61 is divided by i(7).
13
Let w(p) = p**2 + p - 1. Let h(j) = -j**2 - 5*j + 1. Let b be h(-4). Suppose -b*t + 50 = -0. Calculate the remainder when w(-5) is divided by t.
9
Suppose 0 = 3*u - 2*u - 4. Calculate the remainder when 5 is divided by u.
1
Let v(j) = j**2 - 6*j + 1. Calculate the remainder when 110 is divided by v(9).
26
Suppose -25 = -2*r + 5*n, -5*n = 4*r - r + 25. Suppose r*d - 10 = -d. What is the remainder when d is divided by (2/(-4))/(6/(-72))?
4
Let i be 5/((3 + -4)*-1). Suppose 5*q - 22 = 2*l, -4*l + l + 42 = i*q. Calculate the remainder when 27 is divided by q.
3
Let s be (-5 + 2)*4/6. Let p = 7 - -1. Calculate the remainder when (-2)/(s/2) + 13 is divided by p.
7
Let x = -21 + 26. Let g be (2 + 1)*14/6. Suppose 2*o + g - 3 = s, 5*s = -2*o + 80. What is the remainder when s is divided by x?
4
Suppose s = -s + 42. Suppose -3 = -3*w, a = -0*a - 2*w + 13. Let j = 1 + a. What is the remainder when s is divided by j?
9
Suppose -2*j + 41 = 3. What is the remainder when 54 is divided by j?
16
Suppose 0 = -4*z + 2*z + h + 38, -z - h + 19 = 0. Calculate the remainder when 74 is divided by z.
17
Let y = 10 - 3. Suppose -5*k + 18 = -y. Calculate the remainder when 13 is divided by k.
3
Suppose 45 - 9 = 4*n. Calculate the remainder when 24 is divided by n.
6
Suppose -80 = -6*p + 2*p. What is the remainder when 58 is divided by p?
18
Let p(y) = 42*y**2 - y. Suppose 0 = -6*a + 9*a - 33. Calculate the remainder when p(1) is divided by a.
8
Let s = -16 + 18. Suppose 0 = -4*v - 3*p + 59, -v - 2*v + s*p = -23. What is the remainder when 32 is divided by v?
10
Suppose -14 = 17*r - 19*r. Calculate the